39*v + 306. Determine d(0).
306
Let z(o) = -183*o + 11780. What is z(65)?
-115
Let c(h) = 400*h**2 - 5112*h - 92. Determine c(13).
1052
Let j(x) = 309*x + 127. What is j(0)?
127
Let p(z) = -3*z**3 + 14*z**2 - 182*z + 884. Give p(5).
-51
Let q(b) = -6655*b - 2477. What is q(-1)?
4178
Let r(t) = 90446*t - 3. Calculate r(0).
-3
Let q(x) = 179*x**2 + 4939*x - 36. Determine q(-28).
2008
Let q(i) = -4049*i**2 - 12167*i - 11. Give q(-3).
49
Let b(c) = -3*c**2 - 35*c + 1220. Calculate b(-24).
332
Let n(z) = -59*z**3 + 4*z**2 - 20*z + 22. Calculate n(3).
-1595
Let j(r) = 5*r**2 - 439*r + 7548. Calculate j(21).
534
Let d(s) = 6564*s + 649837. What is d(-99)?
1
Let l(g) = -15*g**3 - 376*g**2 - 389*g - 88. Calculate l(-24).
32
Let z(s) = -s**2 + 8147*s + 146948. Determine z(-18).
-22
Let n(h) = -23*h**2 - 17267*h - 47034. Give n(-748).
90
Let o(n) = 5*n**2 + 1372*n + 79355. Calculate o(-83).
-76
Let t(s) = 12715*s + 12687. Calculate t(-1).
-28
Let m(p) = 10*p**2 - 215*p - 217. Calculate m(-1).
8
Let r(x) = 322*x - 1297. Calculate r(4).
-9
Let a(s) = 2*s**3 + 526*s**2 - 5468*s - 2218. What is a(-273)?
-34
Let q(c) = 1109*c**3 - 1408432*c**2 + 2539*c + 1272. What is q(1270)?
2
Let m(j) = 7*j**2 + 2676*j + 8008. Determine m(-3).
43
Let t(s) = -44*s**3 - 6866*s**2 - 308*s + 454. Determine t(-156).
-170
Let r(b) = -16*b**2 + 576*b - 2054. Give r(32).
-6
Let c(u) = 4*u**2 - 325*u - 4659. Give c(-14).
675
Let s(h) = -14*h**3 + 450*h**2 - 61*h + 6. Determine s(32).
102
Let x(i) = -5*i**2 - 48342*i + 96681. Calculate x(2).
-23
Let g(j) = -2186*j**2 - 17490*j + 16. Calculate g(-8).
32
Let q(b) = -582*b - 38989. Determine q(-67).
5
Let b(p) = -2*p**3 + 23*p**2 + 1861*p - 5720. What is b(3)?
16
Let h(l) = 710491*l - 6394414. What is h(9)?
5
Let d(w) = 2263*w - 778498. Calculate d(344).
-26
Let l(h) = -5*h**2 + 136*h + 1157. Determine l(-9).
-472
Let n(i) = -i**3 - 150*i**2 - 1290*i - 237. What is n(-9)?
-48
Let s(l) = -2*l**3 + 7*l**2 + 1718*l - 17109. Calculate s(10).
-1229
Let c(o) = -15453*o + 3755060. Determine c(243).
-19
Let w(l) = -l**2 + 415*l - 35759. Calculate w(122).
-13
Let l(w) = 69*w**2 + 15112*w + 224. Calculate l(-219).
5
Let n(c) = c**3 + 679*c**2 - 1417*c - 37462. Calculate n(-681).
-7
Let c(g) = 3*g**2 - 679*g - 3301. Calculate c(-5).
169
Let g(k) = -4*k**3 + 20*k**2 - 824*k + 4108. What is g(5)?
-12
Let v(y) = 5276*y + 7962. Calculate v(-2).
-2590
Let v(r) = -r**2 + 178*r - 7468. Calculate v(115).
-223
Let i(w) = -253*w - 3275. What is i(-14)?
267
Let l(z) = 6*z**2 + 1603*z + 15682. Determine l(-257).
5
Let g(o) = -352*o**3 + 2813*o**2 + 30*o - 46. What is g(8)?
2
Let a(w) = -8*w**2 - 552*w - 924. Determine a(-66).
660
Let t(p) = 34264*p + 33845. Give t(-1).
-419
Let w(g) = 2*g**2 - 5*g - 254. Give w(0).
-254
Let m(i) = -108*i - 23610. Give m(-221).
258
Let b(p) = -p**3 - 64*p**2 + 12456*p + 3553. Determine b(-148).
1
Let f(v) = v**3 - 154*v**2 + 2341*v - 1653. What is f(137)?
-9
Let i(w) = 2*w**3 + 199*w**2 - 1254*w - 13. What is i(6)?
59
Let i(o) = 2*o**3 + 668*o**2 - 37*o - 12282. Give i(-334).
76
Let a(p) = p**3 - 9*p**2 - 160*p + 275. Calculate a(17).
-133
Let x(n) = 6*n**2 + 235*n + 7. Calculate x(-38).
-259
Let g(i) = 7190*i + 86332. What is g(-12)?
52
Let r(h) = h**2 - 5755*h + 643196. What is r(114)?
122
Let f(q) = -q**3 - 396*q**2 - 1162*q + 6690. What is f(-393)?
9
Let y(m) = -270064*m + 1620381. Calculate y(6).
-3
Let z(n) = -20*n**3 - 579*n**2 + 24*n - 130. Give z(-29).
15
Let i(o) = 2541*o + 170328. Calculate i(-67).
81
Let i(p) = 253*p + 7794. Determine i(-39).
-2073
Let k(s) = s**2 + 9604*s + 2101120. Calculate k(-224).
0
Let k(d) = 28382*d - 85160. Give k(3).
-14
Let l(w) = w**3 - 116*w**2 - 635*w + 962. What is l(121)?
-2668
Let h(p) = 1584*p - 132654. Calculate h(84).
402
Let l(h) = -2*h**2 - 61*h + 1575. Give l(25).
-1200
Let s(l) = 102070*l + 204192. Give s(-2).
52
Let r(p) = -105050*p - 12711053. Determine r(-121).
-3
Let d(w) = 419640*w - 4196403. Give d(10).
-3
Let v(i) = -i**3 - 29*i**2 + 93*i + 250. Give v(5).
-135
Let o(s) = -357*s - 3103. Determine o(-5).
-1318
Let x(f) = -f**3 - 324*f**2 + 14995*f + 4392149. What is x(-329)?
-1
Let f(o) = -2115*o - 509716. Calculate f(-241).
-1
Let k(u) = 84*u**2 - 4292*u + 215. Calculate k(51).
-193
Let i(g) = g**3 + 76*g**2 + 260*g + 19734. Determine i(-76).
-26
Let t(a) = a**2 + 16457*a + 131610. Give t(-8).
18
Let h(r) = -424*r**2 + 4244*r - 58. What is h(10)?
-18
Let z(p) = -2*p**3 - 21*p**2 + 528*p + 5999. What is z(-13)?
-20
Let q(y) = -y**3 - 21*y**2 - 72*y + 220. Determine q(-14).
-144
Let j(y) = y**3 + 31*y**2 + 3*y + 1665. Determine j(-32).
545
Let r(d) = -d**3 + 38*d**2 + 218*d - 287. Give r(43).
-158
Let f(x) = -x**3 + 166*x**2 + 1036*x - 145117. Give f(167).
6
Let u(a) = 24*a**2 + 10542*a - 10540. What is u(1)?
26
Let s(b) = 77*b**2 - 564*b + 168. Calculate s(7).
-7
Let v(f) = 26871*f - 5454802. What is v(203)?
11
Let g(s) = -10286*s**2 + 288010*s - 20. Determine g(28).
36
Let l(x) = -27*x**2 + 2289*x - 1783. Give l(84).
-19
Let m(u) = 3*u**3 + 133*u**2 + 294*u - 19. Calculate m(-42).
-19
Let p(m) = -31708*m + 4661037. Determine p(147).
-39
Let f(s) = 690*s + 68889. Determine f(-102).
-1491
Let r(q) = 11*q**3 - 13*q**2 + 974*q - 4679. What is r(5)?
1241
Let w(q) = 9471*q - 56803. Calculate w(6).
23
Let x(g) = -g**3 - 70*g**2 - 731*g + 67. Give x(-12).
487
Let k(u) = -u**3 - 2*u**2 + 30008*u + 120070. Calculate k(-4).
70
Let i(j) = 386*j + 55155. Calculate i(-143).
-43
Let m(n) = -131*n**3 + 2*n**2 - 254*n + 10. Calculate m(0).
10
Let m(w) = 3*w**3 - 18*w**2 + 54*w - 253. Give m(5).
-58
Let b(g) = -2*g**3 + 641*g**2 + 39167*g - 787. What is b(373)?
-41
Let q(w) = w**3 - 55*w**2 - 50*w + 145. Calculate q(56).
481
Let f(z) = -13143*z + 302295. Determine f(23).
6
Let k(u) = -9*u**3 - 527*u**2 + 440*u + 12040. What is k(-59)?
4
Let c(g) = -g**2 + 235*g + 12290. Give c(279).
14
Let g(i) = -2*i**3 - 4*i**2 + 113*i - 46. Give g(6).
56
Let s(g) = 2590*g + 36616. Calculate s(-13).
2946
Let w(a) = 25*a**2 - 32*a + 12. What is w(4)?
284
Let i(q) = 1027*q - 141064. Give i(137).
-365
Let f(p) = 1151*p - 131214. Give f(114).
0
Let o(h) = 1132*h - 16227. Determine o(14).
-379
Let j(u) = 7*u**2 - 26*u - 4816. Give j(28).
-56
Let v(w) = 5*w**3 - 49*w**2 + 427*w - 41. Calculate v(8).
2799
Let i(o) = -127686*o - 1021489. Give i(-8).
-1
Let l(q) = 10*q**2 + 236*q - 4078. Determine l(11).
-272
Let i(y) = 15*y**2 + 244*y + 336. Give i(-14).
-140
Let o(q) = 29*q**2 - 645*q + 276. Give o(22).
122
Let x(g) = 118670*g - 830643. Determine x(7).
47
Let j(k) = 2192*k + 626802. Determine j(-286).
-110
Let v(a) = 3*a**2 - 81861*a - 327447. Calculate v(-4).
45
Let b(a) = -3*a**3 - 181*a**2 + 517*a + 814. Give b(-63).
-5
Let g(z) = z**3 - 10*z**2 - 46*z - 2916. Determine g(18).
-1152
Let r(z) = 335*z + 2213. What is r(-7)?
-132
Let h(l) = -4*l**2 + 388678*l + 3887166. Determine h(-10).
-14
Let w(p) = 821*p**2 - 134654*p + 1642. What is w(164)?
2
Let f(z) = -153*z**2 + 12243*z - 218. Determine f(80).
22
Let w(p) = 158*p**3 + 10897*p**2 - 346*p - 174. Give w(-69).
-105
Let y(m) = 208*m**3 + 1671*m**2 + 50*m + 6. What is y(-8)?
54
Let m(u) = -8*u + 38. Give m(109).
-834
Let v(h) = -h**3 + 6*h**2 - 7*h + 20. Give v(2).
22
Let h(u) = -u**3 + 186*u**2 - 1769*u + 353. Give h(176).
-1231
Let l(b) = -128588*b - 257168. Give l(-2).
8
Let x(i) = -i**3 + 189*i**2 + 3759*i + 40125. Calculate x(208).
-19
Let t(m) = -2*m**2 + 359*m - 6456. What is t(156)?
876
Let z(b) = -93*b**2 + 996*b + 82. Determine z(11).
-215
Let q(i) = 4516*i + 5310831. What is q(-1176)?
15
Let r(y) = 2*y**2 + 33*y - 4327. Determine r(40).
193
Let n(l) = -l**2 - 377*l - 3989. Calculate n(-11).
37
Let j(s) = -157101*s**2 - 628403*s + 2. Calculate j(-4).
-2
Let z(j) = j**3 - 44*j**2 + 492*j - 455. What is z(25)?
-30
Let m(t) = 2126*t - 11. Calculate m(0).
-11
Let v(h) = 22*h + 6539. What is v(-301)?
-83
Let y(f) = 2589*f - 23480. Give y(9).
-179
Let p(w) = 2*w**2 + 345*w - 9527. Calculate p(-194).
-1185
Let q(t) = -t**3 + 2*t**2 - 4710*t + 68. What is q(0)?
68
Let m(v) = -15875*v - 1126889. Determine m(-71).
236
Let n(q) = q**3 + 9*q**2 - 84*q + 289. Calculate n(7).
485
Let a(i) = 140*i - 20758. What is a(149)?
102
Let y(s) = -10987*s - 43939. 